ate the highest common divisor of 51 and p.
17
Let x be (2 - (-884)/24) + (-14)/(-84). What is the greatest common divisor of 494 and x?
13
Let j be ((-24)/(-16))/((-12)/(-40)). Suppose l = 1, -p + 6*p - 425 = j*l. What is the greatest common divisor of p and 688?
86
Let o be 61*53/53*(-8)/(-2). Calculate the highest common factor of 19276 and o.
244
Let u = -291 + 298. Let k be 0 - (-1697)/u - 480/(-840). Calculate the highest common divisor of k and 27.
27
Suppose 115 = 4*h - 17. Let t = 31 - h. Let n be 41*(1 + -2)/(-3 - t). What is the greatest common divisor of n and 82?
41
Let y be 4 + (18 + 147 - 15). Calculate the greatest common divisor of 88 and y.
22
Let x be 19/(342/24)*(1 - (-196)/2). Calculate the greatest common factor of 354 and x.
6
Let g be (-258)/(-8) - (-5)/80*-4. Suppose 0 = g*m - 25*m - 21. Calculate the highest common factor of m and 23.
1
Let t = 6825 - 4811. Calculate the highest common factor of 212 and t.
106
Let g be ((-12)/(-8))/(78/12636). Calculate the highest common factor of 1134 and g.
81
Let p(m) = 16*m**2 - 122*m - 2627. Let b be p(-28). Calculate the greatest common divisor of b and 398.
199
Let f = 658 - 804. Let g be 6 - ((-40)/5 + f). What is the highest common factor of g and 220?
20
Let o = -58 + 227. Suppose -202*u = 242*u - 280*u - 2132. What is the greatest common factor of u and o?
13
Let y be 3/(-6) + (-1962)/(-4). Let z = 299886 - 299876. Calculate the highest common divisor of y and z.
10
Let i(z) = 63*z + 38. Let o = -323 - -329. Let h be i(o). What is the highest common divisor of h and 13?
13
Suppose 25 = 16*o - 7. Suppose 2*j = 0, -3*c - o*j + 221 = -64. What is the greatest common factor of 38 and c?
19
Let a = 15936 + -5046. Calculate the highest common factor of a and 396.
198
Suppose -2*u - k + 16515 = 0, -2*k = -5*u + 24125 + 17194. Calculate the highest common factor of u and 22.
11
Let s(h) = h**2 - 26*h - 10*h + 37*h. Let q be s(3). What is the greatest common divisor of 66 and q?
6
Suppose 0 = 7*m - 1619 - 2749. Calculate the highest common divisor of 1404 and m.
156
Suppose -29*w = -34*w + 145. Let p = -17 + w. Suppose 5*g = 1625 - 545. Calculate the greatest common divisor of p and g.
12
Let m = 407 + -352. What is the greatest common factor of 44 and m?
11
Suppose 239*v - 106*v - 92*v - 615 = 0. Calculate the greatest common divisor of 640 and v.
5
Let j(h) be the first derivative of 4*h**3/3 + 2*h**2 + 8*h - 1541. Let q be (-15)/6*8/(-5). Let t be j(q). Calculate the highest common factor of 16 and t.
8
Let a be ((-7)/2)/(-1)*(-600)/(-20). Let b = -7 - -7. Suppose 3*k = -k + 5*z + 110, b = 2*k + 2*z - 64. What is the highest common factor of a and k?
15
Suppose -20*k - 5*i = -5405, -17*i = -2*k - 21*i + 572. What is the greatest common divisor of 8 and k?
4
Let g = -85 - 28. Let x = -170 - g. Let j = x - -65. Calculate the greatest common divisor of j and 72.
8
Let t(o) = 2*o**3 + 33*o**2 + 61*o - 18. Let x be t(-10). What is the greatest common factor of x and 728?
56
Suppose 10*x = 8*x - 10. Let i = 8 + x. Suppose -2*m + l + 8 = -i*l, -l = 4*m - 52. What is the greatest common factor of m and 8?
4
Let i be 352/416 - (12/26)/(-3). Let z be i*(-6)/(24/(-172)). Calculate the greatest common divisor of z and 473.
43
Suppose -3*u = -3*j - 303, 3*u + j - 292 = 19. Let f = u - 47. Let n = f + -8. What is the greatest common factor of n and 12?
12
Let d be -150*(-23 - 560/(-32)). Calculate the greatest common divisor of 297 and d.
33
Suppose 634*s - 588*s = 966. Let n be (-7857)/(-15) + (-42)/(-35). Calculate the highest common factor of s and n.
21
Suppose -6*a = -657 + 69. Let n be 15/3*a/35. Calculate the highest common factor of 742 and n.
14
Let n(t) = 90*t**2 + 3*t - 9. Let x be n(-3). Suppose -16*a + 248 = -x. Suppose -f + 11 = -2. What is the highest common factor of a and f?
13
Suppose 4*f + 3*u + 56 = -u, 2*f - 3*u = -3. Let w be (-8)/(-10)*(f + 19). What is the greatest common factor of 68 and w?
4
Let v(m) = m**2 + 70*m - 69. Let n be v(-71). Calculate the greatest common divisor of 278 and n.
2
Let l be -2*36114/(-56) - 36/(-168). Calculate the highest common divisor of 480 and l.
30
Let y(l) = l**2 + 8*l + 7. Let j = 45 + -18. Suppose j = 5*t - 8*t. Let o be y(t). What is the highest common factor of 144 and o?
16
Suppose -5*i + 16 = -4*d, 5*i - 1 - 7 = 2*d. Let b be (i/(-2) + (-2)/(-4))*46. Let p be 1*94 + 10 + -12. What is the greatest common divisor of b and p?
23
Let a(d) = 19*d**2 - 6*d - 19. Let y be a(4). Suppose 0 = -w - 5*q + 39, -2*q - 10 = -7*q. What is the highest common factor of w and y?
29
Let t(z) = z + 14*z**3 - 4 + 3 + 14*z**3. Let m be t(1). Suppose 4*s = -l + m, 1 = 3*s - 2*l - 31. Calculate the highest common factor of 16 and s.
8
Let j = 59 + -42. Suppose -26*f + 22*f - j = -b, 4*f + 8 = 0. What is the highest common divisor of b and 99?
9
Suppose 32 = -8*t, 2*l - 518 = -t - 166. Calculate the highest common divisor of l and 1602.
178
Let n(h) = 10033*h + 236. Let u be n(1). Calculate the greatest common divisor of u and 126.
63
Let f be (-3)/((-6)/10)*-2. Let j = 15 + f. Let o = -471152 + 471177. What is the greatest common divisor of o and j?
5
Let t(n) = -14*n**3 - 97*n**2 - 498*n - 8. Let f be t(-5). Calculate the highest common factor of 130 and f.
13
Suppose 3*r - 141 - 159 = 0. Suppose -10*p - 25 = -45. Let h be 500/8*(1 + p/(-10)). Calculate the greatest common factor of h and r.
50
Let c be (-1)/(-2) + 65/2. Suppose -34*t + 41355 = 40981. Calculate the greatest common divisor of t and c.
11
Suppose 4*p = 26 + 78. Let g be ((-3)/2)/(-3)*1246/(-7). Let t = g - -115. What is the highest common divisor of p and t?
26
Let d(o) = 5*o + 7. Let p(s) = -14*s - 20. Let b(h) = -16*d(h) - 5*p(h). Let c be b(-19). Suppose -18 = r - c. Calculate the highest common factor of r and 20.
20
Let y(u) = u + 3. Let o be y(7). Let z be (-224)/(-10) + o/(-25). Let s = 1473 + -1275. What is the greatest common factor of s and z?
22
Let k be (-348)/(-20) + 6/(-15). Let g be (-804)/66 + (-4)/(-22). Let z(w) = -3*w + 32. Let x be z(g). What is the greatest common divisor of x and k?
17
Let o be (-6 - -9) + 6 - -14. Suppose -2*y = y - 621. What is the highest common factor of y and o?
23
Let y be 42/(1/((-1)/1 - -4)). Let j be 12/(-6) - (-86 + 0). What is the highest common factor of y and j?
42
Suppose -37*k - 43*k - 7266 = -87*k. Calculate the highest common divisor of k and 18.
6
Let s(x) = -x**2 + 20*x + 163. Let n be s(25). Let t be (6 - (5 + 0))*n/2. Calculate the highest common divisor of 95 and t.
19
Let a = 329 + -326. Let w be 2/(-6)*-3 - (-2 - a). What is the greatest common divisor of 576 and w?
6
Let l be 10/3*(-1029)/105*-6. Calculate the highest common divisor of 51548 and l.
196
Suppose 388*k + 1717 - 20729 = 0. Calculate the greatest common divisor of 77 and k.
7
Let w(p) = 5*p**2 + 6*p + 1. Let x be w(-6). Suppose 5*r - 3*s + 7*s = 155, s + x = 4*r. Let y = 38 - 31. Calculate the greatest common divisor of r and y.
7
Let g be (3 + 0)/(-1) + 24. Let r be 2 + 7/(g/444). Let p be (-35)/1*182/(-637). What is the greatest common factor of p and r?
10
Suppose -126*s + 122*s = -72. Calculate the greatest common factor of s and 1152.
18
Let d be (8 + -11)*5/((-45)/18). Suppose 20 = 5*l, 0*l - 6 = -g - l. Suppose y = 68 - g. Calculate the greatest common divisor of y and d.
6
Let o(d) = 8*d - 52. Suppose 16*a = 7*a + 126. Let x be o(a). What is the highest common divisor of 40 and x?
20
Let h be (-147)/(-6) + (-6)/(-4). Let l = -48 + 83. Let w = -9 + l. What is the greatest common factor of h and w?
26
Let x = -12007 + 12231. Calculate the highest common divisor of 742 and x.
14
Let v(x) = x**3 - 5*x**2 - 4*x - 9. Let k be v(6). Suppose k*b - 67 = -3*g - 16, 5*g + 5 = 0. Calculate the highest common divisor of 36 and b.
18
Let z be -3*(-25)/(-3)*15/((-45)/3). What is the highest common factor of 5900 and z?
25
Suppose 5*t - 2300 = 139*s - 134*s, -5*s = -2*t + 935. What is the greatest common divisor of 15 and t?
5
Let v = 54 - 55. Let t = 4 - v. Suppose 2*f + 75 = t*b - 37, -2*b + 28 = -5*f. What is the highest common factor of 3 and b?
3
Let a be ((-1)/(-1))/(2/12). Suppose 0 = a*v - v - 220. Let k be (-8)/v + 48/22. Calculate the greatest common diviso